, 2*k = n*d + 30. Is k prime?
False
Let q be -1 + -3*(-5)/(-30)*12. Let p(g) = -25*g**3 + 6*g**2 - 5*g + 25. Is p(q) prime?
True
Let l be ((-3)/(-5))/((-1 + 0)/(-5)). Suppose -471 = -5*u - p, 2*p + 283 = l*u + 3*p. Suppose 97*g - 3117 = u*g. Is g a prime number?
True
Suppose -15360 = -6*k + 6294. Let w be 3/5 + (-177842)/70. Let j = k + w. Is j a composite number?
False
Suppose 35*x + 107488231 = 198*x. Is x composite?
False
Let i be (-3 - -2) + 6 - 3. Suppose -i*b = u - 1101, 0 = -2*b + u + 922 + 181. Is b a composite number?
True
Suppose -6*k - 2*d = -9*k + 179229, 0 = -d. Is k a composite number?
False
Let v(w) = 5*w - 13. Suppose -4*t - 3*p + 14 = -p, 12 = 4*p. Let d be 5 + -2 - (t - 2). Is v(d) a prime number?
True
Suppose 5*g - g = -3*c - 138, -2*g = c + 46. Let k = -41 - c. Let a = k + 117. Is a prime?
False
Let m be ((-194)/291)/(2/6). Is (-10)/2 + (-30393 - -1)/m composite?
True
Let d(s) = -26*s + 6 + 102*s + 32*s. Let a be d(14). Suppose -2139 = -3*l + a. Is l prime?
False
Let o = 43568 - 21546. Suppose o = 4*x - f, -2*f = -3*x + 3*f + 16525. Is (-1)/(-5 - (-27522)/x) prime?
False
Suppose 960 = 29*t - 35*t. Let l = 354 - t. Is (22/(-4))/((-1)/l) composite?
True
Suppose 107*o = 96*o + 61*o - 13438550. Is o a composite number?
False
Let g = 32 + -29. Suppose 8*a = 9*a - 2*x - 4147, -g*x = 5*a - 20774. Is a prime?
True
Let s(z) be the third derivative of -z**5/60 - z**4/24 + 15511*z**3/6 - z**2 - 8*z. Is s(0) a prime number?
True
Suppose -5*n - 3*j - 2 = -24, 3*n = 2*j + 17. Let b(c) = 2*c + 24*c**3 - 21*c**3 - 10*c + 12. Is b(n) a composite number?
False
Let y = 625 - -3168. Is y composite?
False
Let y = 177333 + -99370. Is y a composite number?
True
Let l(y) = 6 - 174 - 1800*y - 987*y + 6. Is l(-7) prime?
False
Let y = -53213 - -107570. Is y a composite number?
True
Suppose 5*i + 3*w - 304994 = 0, 70*w - 68*w - 243998 = -4*i. Is i prime?
False
Suppose -95*r = -89*r - 311646. Is r composite?
False
Let w be 10587/(-15) + 3 - 2/10. Is ((-1)/(-1))/((-19)/w) prime?
True
Suppose 37555 = -3*r + 5*u + 692601, 436704 = 2*r - 2*u. Suppose 30*a - 434653 = r. Is a a prime number?
True
Suppose 2*y - 4*d + 9382 = 3*y, y - 2*d = 9370. Suppose 3*b = y + 11611. Is b a prime number?
False
Let m(w) = -69*w + 33. Let r be m(2). Let f = r - -254. Is f composite?
False
Let o(w) = 4*w**2 - 4*w + 2422. Let m(z) = 3*z**2 - 3*z + 2421. Let i(k) = 3*m(k) - 2*o(k). Is i(0) a composite number?
True
Let l be -17 + 13 - (-9 - 1). Suppose 6591 + 981 = l*r. Is r + (1 - (-4)/(-4)) - 1 a prime number?
False
Let t = -842 + 885. Let m(s) = s**3 - 41*s**2 + 34*s - 97. Is m(t) a composite number?
True
Let s = -262 - -368. Suppose 3*h - s = -v, 4*h + 127 = v - 0*h. Suppose 0 = -4*c + 193 + v. Is c a composite number?
True
Is -22*(0/2 - (-63034)/(-4))/1 composite?
True
Suppose 59*m - 25 = 64*m, 4*m = -4*c + 663096. Is c prime?
True
Let z(m) = 9*m - 3. Let g(x) = 19*x - 7. Let l(r) = -6*g(r) + 13*z(r). Let u be l(19). Suppose -3*j + 78 + u = 5*s, -5*j = -s - 258. Is j a composite number?
True
Suppose -4*c + 20*g + 1744308 = 22*g, 0 = -2*c - 5*g + 872138. Is c prime?
False
Let c(d) = -57*d - 11. Suppose 5*q = -4*z - 5, -z = 4*q - 5*z - 32. Suppose 7*k = q*k - 24. Is c(k) composite?
False
Let p(n) be the second derivative of n**4/12 + 4*n**3 + 25*n**2/2 + 131*n. Is p(19) a prime number?
False
Let t = 487 + -748. Let p = t - -740. Is p composite?
False
Let l = 32 - 38. Let s(m) = 5*m**3 + 8*m**2 + 18*m + 29. Let d(n) = -4*n**3 - 7*n**2 - 17*n - 28. Let a(u) = l*d(u) - 5*s(u). Is a(-6) a prime number?
True
Let t(l) = 15536*l - 109. Is t(1) a composite number?
False
Suppose 0 = -5*o - 340 + 1740. Let c = o - 149. Is c composite?
False
Suppose 5*k - 105 = -5*g - 585, 5*g = -4*k - 387. Let i = -1 - k. Is i*1 + 45/15 composite?
True
Suppose -3*o - 6153 = -16413. Let u = o - 1883. Is u a prime number?
False
Suppose 46*y - 54*y = -192. Suppose -3602 = -26*n + y*n. Is n a prime number?
True
Let t(v) = 1272*v**2 - v - 24. Let j be t(-3). Suppose -3*r = -3*y - j, 0 = -5*r - 2*y + 15705 + 3375. Is r a prime number?
False
Let c(b) = -4070*b - 2499. Is c(-4) prime?
True
Let j(q) be the first derivative of 15 + 0*q**2 + 221*q - 1/4*q**4 + 1/3*q**3. Is j(0) a prime number?
False
Let t(l) = 10197*l - 1334. Is t(11) a prime number?
False
Is 1 + -11 - (-21368 - -3) prime?
False
Let t(r) = -9458*r - 1629. Is t(-32) a prime number?
True
Let u = 3934 - 2787. Suppose -u - 1538 = -3*k. Is k prime?
False
Let x(u) = 110337*u - 11865. Is x(6) prime?
False
Let o(a) be the second derivative of 17*a**4/3 - 22*a**3/3 + 11*a**2/2 + 132*a. Is o(-10) a composite number?
True
Let x(g) = 41*g**2 - 123*g + 1289. Is x(-71) composite?
False
Suppose 4*j + 5*l - 10201775 = 0, -2*j - 185*l + 186*l = -5100891. Is j composite?
True
Suppose -18 = -4*i - 2. Let x(s) = s + 6. Let d be x(-6). Suppose d = 4*b, -2095 = -5*r + 7*b - i*b. Is r a prime number?
True
Let c(h) = -80*h + 20. Let a be c(-18). Suppose -w - a = -6*w. Suppose -5*o + 3*o + 2*q = -w, 3*q = 9. Is o composite?
False
Suppose 2*f = -17*f + 7258. Suppose -10*l = -21828 - f. Is l prime?
True
Let y = 255019 - 61082. Is y a prime number?
True
Suppose 2353 = v - h, -2*h = 3 - 11. Is v composite?
False
Let b = 209112 - 141185. Is b composite?
False
Suppose -34 = -u - 3*u + 5*h, 3*u - 10 = -4*h. Is ((-117)/u)/(-13)*26948/6 prime?
True
Suppose 691793 = 3*r + y, -154122 = 2*r - y - 615324. Is r prime?
False
Suppose 5*s = y + 2906684 - 710638, 5*s - 2196091 = -4*y. Is s prime?
False
Is 2852066/10 + -2 - (-474)/1185 composite?
True
Let q(g) = 3*g**2 - 1. Let v be q(-1). Suppose -v*y + 15 = -3*y. Is ((-449)/(-3))/((-5)/y) a prime number?
True
Let d = 291 - 288. Is 0 - 13701*(d/1)/(-9) a composite number?
False
Suppose -104896 = -10*f + 27034. Let q = f - 6630. Is q a prime number?
True
Let p(z) = 18*z**2 + 2*z - 9. Suppose 9*j + j - 70 = 0. Is p(j) prime?
True
Suppose -33*i + 36 = -63. Let y(p) = -32*p + 3. Let u be y(-8). Suppose -j + i*n = -u, -3*j + 6*j - 2*n = 791. Is j a prime number?
False
Suppose -6*l + m + 4153261 = 0, -2006*l + 2003*l + 2076613 = 2*m. Is l prime?
False
Let v be -16 + (6/(-21) - 36/21). Let x be ((-4)/v - 6/27) + 0. Is (-3 + (0 - -4))*(x + 223) composite?
False
Suppose -3*g - g = -1624. Suppose 3*t - t - 5 = 3*s, -2*t - s + 1 = 0. Is (t + g)/(4 + -3) a prime number?
False
Let j(a) = 4*a + 4*a + 26*a**2 - 5*a + 35. Is j(-4) prime?
True
Let j = -33 + 36. Suppose j*d = -0*d - d. Suppose d = 12*n - 16*n + 3260. Is n prime?
False
Let r = -54 + 54. Suppose 2*x - 417 = -3*v - r*x, -5*x - 122 = -v. Is 14/28*(1 + v) a prime number?
False
Let q = 6 + -4. Let h be -17 + 50 - (-8 + 9 + (-1 - 0)). Is (-3)/q*(-56122)/h a composite number?
False
Let d(q) = -q**3 - 96*q**2 - 6*q + 117. Is d(-98) prime?
True
Suppose -2920 = -c + 2*c. Let r be (2 + 8/2)*(0 - 1). Is c/r - 6/(-18) prime?
True
Suppose 152 = 32*s - 30*s. Let p be s/133 - (-1966)/14. Suppose z = -2*l + p, -z + l = -2*l - 141. Is z a prime number?
False
Let n = 95735 - 52036. Is n a prime number?
False
Is (-2*12/24)/((-1)/40429) composite?
False
Let f(l) = 2*l**2 - l - 4. Let h be (-1)/((-15)/(-10))*(2 + 1). Let v be f(h). Suppose -v*w + 4*t + 4408 = -2*w, -3*w + 3276 = 3*t. Is w prime?
True
Suppose -17*z + 45*z = 12320. Suppose 2*u + 355 = 2*d + 941, d = -2*u - 305. Let a = d + z. Is a prime?
False
Let q(o) = -4*o**2 - 31*o + 12. Let s be q(-8). Suppose 0 = -3*k - 3*h + 95928, s*k - 3*h - 127909 = -8*h. Is k a composite number?
True
Let q(l) = -l**3 - 8*l**2 + 19*l - 6. Let p be q(-10). Suppose 0 = 4*k + p, 14*k - 4049 = -5*d + 18*k. Is d a composite number?
False
Let h be 1*481 - (1 + (-4 - 0)). Suppose n - h = 17. Is n composite?
True
Let j(m) = 86*m**2 + 3*m + 4. Let h be j(-6). Suppose -h - 230 = -3*c. Suppose -5*u + c = -551. Is u a composite number?
False
Let r = -58547 + 98133. Is r a prime number?
False
Let g be (2/(-3))/2*63/7. Let q be (0/g)/(-3 - 1). Suppose -3*f - n + 5*n + 913 = q, 5*f + 3*n = 1483. Is f a composite number?
True
Suppose 48906 = -5*k - k. Let z = k - -24034. Is z composite?
True
Suppose -353266 - 12905990 = -24*s. Is s composite?
False
Let v be (1/2)/(4/8) - 2878. Let b = 8058 + v. Suppose -2*i + b = i. Is i a prime number?
False
Let t(w) = -13*w**3 - 68*w + 598. Is t(-